{"id":548,"date":"2024-06-20T17:06:18","date_gmt":"2024-06-20T17:06:18","guid":{"rendered":"http:\/\/sleepandhypnosis.org\/research\/abstract-mkid-286\/"},"modified":"2024-06-20T17:06:18","modified_gmt":"2024-06-20T17:06:18","slug":"abstract-mkid-286","status":"publish","type":"page","link":"https:\/\/sleepandhypnosis.org\/research\/abstract-mkid-286\/","title":{"rendered":"Abstract Mkid 286"},"content":{"rendered":"<div class=\"SectionUst\">\n<div class=\"SectionSlayt\">\n<div><img decoding=\"async\" src=\"[get_bloginfo]url[\/get_bloginfo]\/files\/ing\/images\/banner\/9b4cdc717.png\" alt=\"\"\/><\/div>\n<\/p><\/div>\n<div class=\"SectionLogin\">\n<div class=\"ScopeMedmnu\">\n<div class=\"ScopeBaslik\">\n                        SUBMIT YOUR MANUSCRIPT<\/div>\n<div class=\"ScopeLink\">\n<div class=\"Newuser Scolinkstil\">\n                            <b>Register<\/b>\n                        <\/div>\n<div class=\"gouser Scolinkstil\">\n                            <b>Author Login<\/b><\/div>\n<div class=\"reviewer Scolinkstil\">\n                            <a href=\"http:\/\/www.ejmanager.com\/reviewers\/index.php?isl=login\" target=\"_blank\" rel=\"noopener\"><b>Reviewer Login<\/b><\/a><\/div>\n<div class=\"telif Scolinkstil\">\n                            <a href=\"[get_bloginfo]url[\/get_bloginfo]\/files\/word\/copyrighttransferform.pdf\" target=\"_blank\" rel=\"noopener\">\u00a9 Copyright Transfer Form<\/a><\/div>\n<\/p><\/div>\n<div style=\"float:left; margin-top:125px; margin-left:70px;\">\n                    <!-- Go to www.addthis.com\/dashboard to customize your tools --><\/p>\n<div class=\"addthis_sharing_toolbox\"><\/div>\n<\/p><\/div>\n<\/p><\/div>\n<\/p><\/div>\n<\/p><\/div>\n<p>        <!----SayfaORtas\u0131bitiyor---><br \/>\n    <!---SayfaOrtaYazilariBas\u015fliyot---><\/p>\n<div class=\"ArticleTitle\">\n<div class=\"ABaslik\">\n        <\/div>\n<\/p><\/div>\n<div class=\"ArticleX\">\n<div class=\"leftArticlecover\">\n<div class=\"covarticle\">\n<div class=\"Baslik\">\n                    Sociocultural Variations of Coping Strategies for Sleep Difficulties in Couple Relationships in Canada and Brazil\n                <\/div>\n<div class=\"icerikyazar\">\n                    Ta\u00eds Ara\u00fajo, Alexandre Lemyre, Annie Valli\u00e8res, Yvan Leanza\n                <\/div>\n<div style=\"float: left; font-size: 14px; margin-top: 20px; padding-top: 2px; margin-bottom: 20px; color: #666666; font-style: italic;\">Sleep and Hypnosis: A Journal of Clinical Neuroscience and Psychopathology 2019;21(2):158-169<\/div>\n<div class=\"doilink\">http:\/\/dx.doi.org\/10.5350\/Sleep.Hypn.2019.21.0184<\/div>\n<div style=\"float: left; margin-top: 20px; margin-bottom: 20px;\">\n                    <!-- Go to www.addthis.com\/dashboard to customize your tools --><\/p>\n<div class=\"addthis_native_toolbox\"><\/div>\n<\/p><\/div>\n<div class=\"icerikyazi\">\n                    The couple relationship (marriage\/cohabitation) is, for most adults, the primary social context of sleep. Although there is a growing literature on couples\u2019 sleep, no qualitative cross-cultural study on this topic has yet been published. The aim of the present study was to explore the strategies used by adult couples with sleep difficulties from two different cultures, as well as the potential sociocultural variations related to these strategies. Six couples in Quebec City (Canada) and five couples in Fortaleza (Brazil), of which one or both partners experienced sleep difficulties, were recruited. Participants completed the Pittsburgh Sleep Quality Index, the Dyadic Adjustment Scale, and gave open-ended reports regarding their sleep every morning for a week. They also took part in an in-depth semistructured interview for couples. The interviews were transcribed verbatim and analyzed using the Critical Phenomenological Method. The participants\u2019 strategies in the face of sleep difficulties fell into three modalities: individual, common and shared, and common and independent. Within these modalities, seven strategies were identified in both research sites: body and mind relaxation before sleep, stress reduction in daily life, reduction of sleep performance anxiety, respect of the partner\u2019s sleep, intervention or drug use to induce sleep or to reduce diurnal sleepiness, diet monitoring, and naps. The present study reveals that the coping strategies used by partners are related not only to the individual, but can be shared, and are closely related to the sociocultural, economic and environmental contexts of their respective countries.\n                <\/div>\n<div class=\"icerikkeyw\">\n                    <b>Keywords:<\/b><br \/>\n                    Couples, cross-cultural, phenomenology, content analysis\n                <\/div>\n<div class=\"down\">\n                    <a href=\"[get_bloginfo]url[\/get_bloginfo]\/files\/ing\/pdf\/9c49890a15de48c48ea58a90a0baf2eb.pdf\" rel=\"nofollow noopener\" target=\"_blank\"><br \/>\n                        <img decoding=\"async\" src=\"[get_bloginfo]url[\/get_bloginfo]\/files\/ing\/images\/template\/pdftambtn.png\" alt=\"indir\"\/><\/a><br \/>\n                    <br class=\"m3ncsyod40qcuw2zf\"\/><br \/>\n                    <br class=\"m3ncsyod40qcuw2zf\"\/>\n                <\/div>\n<div class=\"References\">\n<div style=\"float: left; width: 640px;\"><b>REFERENCES<\/b><\/div>\n<p>                    Antoine, P., Christophe, V., &#038; Nandrino, J. (2008). \u00c9chelle d\u2019ajustement dyadique: int\u00e9r\u00eats cliniques d\u2019une r\u00e9vision et validation d\u2019une version abr\u00e9g\u00e9e [Dyadic Adjustment Scale: Clinical interest of a revision and validation of an abbreviated form]. L\u2019Enc\u00e9phale, 34(1), 38-46. <br class=\"m3ncsyod40qcuw2zf\"\/><br \/>\n<br class=\"m3ncsyod40qcuw2zf\"\/><br \/>\nAra\u00fajo, T., Jarrin, D. C., Leanza, Y., Valli\u00e8res, A., &#038; Morin, C. M. (2017). Qualitative studies of insomnia: Current state of knowledge in the field. Sleep Medicine Reviews, 31, 58-69. doi:10.1016\/j.smrv.2016.01.003<br class=\"m3ncsyod40qcuw2zf\"\/><br \/>\n<br class=\"m3ncsyod40qcuw2zf\"\/><br \/>\nArber, S., Meadows, R., &#038; Venn, S. (2012). Sleep and society. In C. M. Morin &#038; C. A. Espie (Eds.), The Oxford handbook of sleep disorders (pp. 223-247). New York, NY: Oxford University Press.<br class=\"m3ncsyod40qcuw2zf\"\/><br \/>\n<br class=\"m3ncsyod40qcuw2zf\"\/><br \/>\nBertolazi, A. N., Fagondes, S. C., Hoff, L. S., Dartora, E. G., da Silva Miozzo, I. C., de Barba, M. E. F., &#038; Barreto, S. S. M. (2011). Validation of the Brazilian Portuguese version of the Pittsburgh Sleep Quality Index. Sleep Medicine, 12(1), 70-75. doi:10.1016\/j.sleep.2010.04.020<br class=\"m3ncsyod40qcuw2zf\"\/><br \/>\n<br class=\"m3ncsyod40qcuw2zf\"\/><br \/>\nBlais, F., Gendron, L., Mimeault, V., &#038; Morin, C. M. (1997). \u00c9valuation de l\u2019insomnie: validation de trois questionnaire [Assessment of insomnia: Validation of three questionnaires]. L\u2019Enc\u00e9phale, 23(6), 447-453. <br class=\"m3ncsyod40qcuw2zf\"\/><br \/>\n<br class=\"m3ncsyod40qcuw2zf\"\/><br \/>\nBlow, A. J., Curtis, A. F., Wittenborn, A. K., &#038; Gorman, L. (2015). Relationship problems and military related PTSD: The case for using emotionally focused therapy for couples. Contemporary Family Therapy, 37(3), 261-270. doi:10.1007\/s10591-015-9345-7<br class=\"m3ncsyod40qcuw2zf\"\/><br \/>\n<br class=\"m3ncsyod40qcuw2zf\"\/><br \/>\nBuysse, D. J., Reynolds, C. F., Monk, T. H., Berman, S. R., &#038; Kupfer, D. J. (1989). The Pittsburgh Sleep Quality Index: A new instrument for psychiatric practice and research. Psychiatry Research, 28(2), 193-213. doi:10.1016\/0165-1781(89)90047-4<br class=\"m3ncsyod40qcuw2zf\"\/><br \/>\n<br class=\"m3ncsyod40qcuw2zf\"\/><br \/>\nCreswell, J. W. (1998). Qualitative inquiry and research design: Choosing among five traditions. Thousand Oaks, CA: Sage Publications.<br class=\"m3ncsyod40qcuw2zf\"\/><br \/>\n<br class=\"m3ncsyod40qcuw2zf\"\/><br \/>\nElfstr\u00f6m, M., Karlsson, S., Nilsen, P., Fridlund, B., Svanborg, E., &#038; Brostr\u00f6m, A. (2012). Decisive situations affecting partners\u2019 support to continuous positive airway pressure\u2013treated patients with obstructive sleep apnea syndrome: A critical incident technique analysis of the initial treatment phase. Journal of Cardiovascular Nursing, 27(3), 228-239. doi:10.1097\/JCN.0b013e3182189c34<br class=\"m3ncsyod40qcuw2zf\"\/><br \/>\n<br class=\"m3ncsyod40qcuw2zf\"\/><br \/>\nEllis, J. G., Deary, V., &#038; Troxel, W. M. (2015). The role of perceived partner alliance on the efficacy of CBT-I: Preliminary findings from the Partner Alliance in Insomnia Research Study (PAIRS). Behavioral Sleep Medicine, 13(1), 64-72. doi:10.1080\/15402002.2013.838768<br class=\"m3ncsyod40qcuw2zf\"\/><br \/>\n<br class=\"m3ncsyod40qcuw2zf\"\/><br \/>\nGiorgi, A. (1985). Sketch of a psychological phenomenological method. In A. Giorgi (Ed.), Phenomenology and psychology research (pp. 8-22). Pittsburg, KS: Duquesne University Press.<br class=\"m3ncsyod40qcuw2zf\"\/><br \/>\n<br class=\"m3ncsyod40qcuw2zf\"\/><br \/>\nHernandez, J. A. E. (2008). Avalia\u00e7\u00e3o estrutural da escala de ajustamento di\u00e1dico [Structural assessment of the dyadic adjustment scale]. Psicologia em Estudo, 13(3), 593-601. <br class=\"m3ncsyod40qcuw2zf\"\/><br \/>\n<br class=\"m3ncsyod40qcuw2zf\"\/><br \/>\nHislop, J. (2007). A bed of roses or a bed of thorns? Negotiating the couple relationship through sleep. Sociological Research Online, 12(5). doi:10.5153\/sro.1621<br class=\"m3ncsyod40qcuw2zf\"\/><br \/>\n<br class=\"m3ncsyod40qcuw2zf\"\/><br \/>\nHislop, J., &#038; Arber, S. (2003). Understanding women\u2019s sleep management: Beyond medicalization-healthicization? Sociology of Health &#038; Illness, 25(7), 815-837. doi:10.1046\/j.1467-9566.2003.00371.x<br class=\"m3ncsyod40qcuw2zf\"\/><br \/>\n<br class=\"m3ncsyod40qcuw2zf\"\/><br \/>\nHo, F. Y.-Y., Chung, K.-F., Yeung, W.-F., Ng, T. H., Kwan, K.-S., Yung, K.-P., &#038; Cheng, S. K. (2015). Self-help cognitive-behavioral therapy for insomnia: A meta-analysis of randomized controlled trials. Sleep Medicine Reviews, 19, 17-28. doi:10.1016\/j.smrv.2014.06.010<br class=\"m3ncsyod40qcuw2zf\"\/><br \/>\n<br class=\"m3ncsyod40qcuw2zf\"\/><br \/>\nHolliday, S. B., &#038; Troxel, W. (2017). Relationship quality: Implications for&nbsp;sleep quality and&nbsp;sleep disorders. In S. M. McHale, V. King, &#038; O. M. Buxton (Eds.), Family contexts of sleep and health across the life course (pp. 53-84). Switzerland: Springer.<br class=\"m3ncsyod40qcuw2zf\"\/><br \/>\n<br class=\"m3ncsyod40qcuw2zf\"\/><br \/>\nInstitut de la Statistique du Qu\u00e9bec. (2012). Le bilan d\u00e9mographique du Qu\u00e9bec [The demographic profile of Quebec]. Retrieved from http:\/\/www.stat.gouv.qc.ca\/statistiques\/population-demographie\/bilan2012.pdf<br class=\"m3ncsyod40qcuw2zf\"\/><br \/>\n<br class=\"m3ncsyod40qcuw2zf\"\/><br \/>\nKoffel, E. A., Koffel, J. B., &#038; Gehrman, P. R. (2015). A meta-analysis of group cognitive behavioral therapy for insomnia. Sleep Medicine Reviews, 19, 6-16. doi:10.1016\/j.smrv.2014.05.001<br class=\"m3ncsyod40qcuw2zf\"\/><br \/>\n<br class=\"m3ncsyod40qcuw2zf\"\/><br \/>\nLalley-Chareczko, L., Segal, A., Perlis, M. L., Nowakowski, S., Tal, J. Z., &#038; Grandner, M. A. (2015). Sleep disturbance partially mediates the relationship between intimate partner violence and physical\/mental health in women and men. Journal of Interpersonal Violence, 32(16), 2471-2495. doi:10.1177\/0886260515592651<br class=\"m3ncsyod40qcuw2zf\"\/><br \/>\n<br class=\"m3ncsyod40qcuw2zf\"\/><br \/>\nLaplante, B., &#038; Flick, C. (2010). Le mariage, l\u2019union de fait et la sant\u00e9 des conjoints au Qu\u00e9bec et en Ontario [Marriage, common law union and partners\u2019 health in Quebec and Ontario]. Cahiers qu\u00e9b\u00e9cois de d\u00e9mographie, 39(1), 1-26. <br class=\"m3ncsyod40qcuw2zf\"\/><br \/>\n<br class=\"m3ncsyod40qcuw2zf\"\/><br \/>\nLe Bourdais, C., &#038; Lapierre-Adamcyk, \u00c9. (2004). Changes in conjugal life in Canada: Is cohabitation progressively replacing marriage? Journal of Marriage and Family, 66(4), 929-942. doi:10.1111\/j.0022-2445.2004.00063.x<br class=\"m3ncsyod40qcuw2zf\"\/><br \/>\n<br class=\"m3ncsyod40qcuw2zf\"\/><br \/>\nLuyster, F. S., Strollo Jr, P. J., Zee, P. C., &#038; Walsh, J. K. (2012). Sleep: A health imperative. Sleep, 35(6), 727-734. doi:10.5665\/sleep.1846<br class=\"m3ncsyod40qcuw2zf\"\/><br \/>\n<br class=\"m3ncsyod40qcuw2zf\"\/><br \/>\nMarshall, C., &#038; Rossman, G. B. (2016). Designing qualitative research, 6th edition. Los Angeles, CA: SAGE Publications.<br class=\"m3ncsyod40qcuw2zf\"\/><br \/>\n<br class=\"m3ncsyod40qcuw2zf\"\/><br \/>\nMartin, P. (2005). Counting sheep: The science and pleasures of sleep and dreams. London: HarperCollins.<br class=\"m3ncsyod40qcuw2zf\"\/><br \/>\n<br class=\"m3ncsyod40qcuw2zf\"\/><br \/>\nMoreira, V. (2004). O m\u00e9todo fenomenol\u00f3gico de Merleau-Ponty como feramenta cr\u00edtica na pesquisa em psicopatologia [Merleau-Ponty\u2019s phenomenological method as a critical tool to the research on Psychopathology]. Psicologia: Reflex\u00e3o e Cr\u00edtica, 17(3), 447-456. doi:10.1590\/S0102-79722004000300016<br class=\"m3ncsyod40qcuw2zf\"\/><br \/>\n<br class=\"m3ncsyod40qcuw2zf\"\/><br \/>\nMorin, C. M., &#038; Jarrin, D. C. (2013). Epidemiology of insomnia: Prevalence, course, risk factors, and public health burden. Sleep Medicine Clinics, 8(3), 281-297. doi:10.1016\/j.jsmc.2013.05.002<br class=\"m3ncsyod40qcuw2zf\"\/><br \/>\n<br class=\"m3ncsyod40qcuw2zf\"\/><br \/>\nNational Sleep Foundation. (2010). 2010 sleep in America Poll: Summary of findings. Retrieved from https:\/\/sleepfoundation.org\/<br class=\"m3ncsyod40qcuw2zf\"\/><br \/>\n<br class=\"m3ncsyod40qcuw2zf\"\/><br \/>\nPayne, S., Swami, V., &#038; Stanistreet, D. L. (2008). The social construction of gender and its influence on suicide: A review of the literature. Journal of Men\u2019s Health, 5(1), 23-35. doi:10.1016\/j.jomh.2007.11.002<br class=\"m3ncsyod40qcuw2zf\"\/><br \/>\n<br class=\"m3ncsyod40qcuw2zf\"\/><br \/>\nReishtein, J. L., Pack, A. I., Maislin, G., Dinges, D. F., Bloxham, T. J., George, C. F. P., . . . Weaver, T. E. (2006). Sleepiness and relationships in obstructive sleep apnea. Issues in Mental Health Nursing, 27(3), 319-330. doi:10.1080\/01612840500503047<br class=\"m3ncsyod40qcuw2zf\"\/><br \/>\n<br class=\"m3ncsyod40qcuw2zf\"\/><br \/>\nRogojanski, J., Carney, C. E., &#038; Monson, C. M. (2013). Interpersonal factors in insomnia: A model for integrating bed partners into cognitive behavioral therapy for insomnia. Sleep Medicine Reviews, 17(1), 55-64. doi:10.1016\/j.smrv.2012.02.003<br class=\"m3ncsyod40qcuw2zf\"\/><br \/>\n<br class=\"m3ncsyod40qcuw2zf\"\/><br \/>\nRosekind, M. R., &#038; Gregory, K. B. (2010). Insomnia risks and costs: Health, safety, and quality of life. The American Journal of Managed Care, 16(8), 617-626. <br class=\"m3ncsyod40qcuw2zf\"\/><br \/>\n<br class=\"m3ncsyod40qcuw2zf\"\/><br \/>\nRosenblatt, P. (2006). Two in a bed: The social system of couples bed sharing. New York, NY: State University of New York Press.<br class=\"m3ncsyod40qcuw2zf\"\/><br \/>\n<br class=\"m3ncsyod40qcuw2zf\"\/><br \/>\nSchwartz, S. H. (2009). Culture matters: National value cultures, sources, and consequences. In R. S. Wyer, C.-y. Chiu, &#038; Y.-y. Hong (Eds.), Understanding culture: Theory, research, and application (pp. 127-150). New York, NY: Psychology Press.<br class=\"m3ncsyod40qcuw2zf\"\/><br \/>\n<br class=\"m3ncsyod40qcuw2zf\"\/><br \/>\nSpanier, G. B. (1976). Measuring adjustment: New scales for assessing the quality of marriage and similar dyads. Journal of Marriage and Family, 38(1), 15-28. doi:10.2307\/350547<br class=\"m3ncsyod40qcuw2zf\"\/><br \/>\n<br class=\"m3ncsyod40qcuw2zf\"\/><br \/>\nTrauer, J. M., Qian, M. Y., Doyle, J. S., Rajaratnam, S. M. W., &#038; Cunnington, D. (2015). Cognitive behavioral therapy for chronic insomnia: A systematic review and meta-analysis. Annals of Internal Medicine, 163(3), 191-205. doi:10.7326\/m14-2841<br class=\"m3ncsyod40qcuw2zf\"\/><br \/>\n<br class=\"m3ncsyod40qcuw2zf\"\/><br \/>\nTroxel, W. M., Braithwaite, S. R., Sandberg, J. G., &#038; Holt-Lunstad, J. (2016). Does improving marital quality improve sleep? Results from a marital therapy trial. Behavioral Sleep Medicine, 15(4), 1-14. doi:10.1080\/15402002.2015.1133420<br class=\"m3ncsyod40qcuw2zf\"\/><br \/>\n<br class=\"m3ncsyod40qcuw2zf\"\/><br \/>\nTroxel, W. M., Buysse, D. J., Hall, M., &#038; Matthews, K. A. (2009). Marital happiness and sleep disturbances in a multi-ethnic sample of middle-aged women. Behavioral Sleep Medicine, 7(1), 2-19. doi:10.1080\/15402000802577736<br class=\"m3ncsyod40qcuw2zf\"\/><br \/>\n<br class=\"m3ncsyod40qcuw2zf\"\/><br \/>\nTroxel, W. M., Robles, T. F., Hall, M., &#038; Buysse, D. J. (2007). Marital quality and the marital bed: Examining the covariation between relationship quality and sleep. Sleep Medicine Reviews, 11(5), 389-404. doi:10.1016\/j.smrv.2007.05.002<br class=\"m3ncsyod40qcuw2zf\"\/><br \/>\n<br class=\"m3ncsyod40qcuw2zf\"\/><br \/>\nVenn, S. (2007). \u201cIt\u2019s okay for a man to snore\u201d: The influence of gender on sleep disruption in couples. Sociological Research Online, 12(5). doi:10.5153\/sro.1607<br class=\"m3ncsyod40qcuw2zf\"\/><br \/>\n<br class=\"m3ncsyod40qcuw2zf\"\/><br \/>\nVenn, S., Arber, S., Meadows, R., &#038; Hislop, J. (2008). The fourth shift: Exploring the gendered nature of sleep disruption among couples with children. British Journal of Sociology, 59(1), 79-98. doi:10.1111\/j.1468-4446.2007.00183.x<br class=\"m3ncsyod40qcuw2zf\"\/><br \/>\n<br class=\"m3ncsyod40qcuw2zf\"\/><br \/>\nVercelli, L. (2006). Vers\u00f5es de sentido: um instrumento metodol\u00f3gico [Sense\u2019s versions: A methodological tool]. Cadernos de P\u00f3s-Gradua\u00e7\u00e3o, 5(1), 191-196. <br class=\"m3ncsyod40qcuw2zf\"\/><br \/>\n<br class=\"m3ncsyod40qcuw2zf\"\/><br \/>\nWilliams, S. J. (2005). Sleep and society: Sociological ventures into the (un)known. London, UK: Routledge.<br class=\"m3ncsyod40qcuw2zf\"\/><br \/>\n<br class=\"m3ncsyod40qcuw2zf\"\/><br \/>\nWilliams, S. J., Coveney, C. M., &#038; Gabe, J. (2013). Medicalisation or customization? Sleep, enterprise and enhancement in the 24\/7 society. Social Science &#038; Medicine, 79, 40-47. <br class=\"m3ncsyod40qcuw2zf\"\/><br \/>\n<br class=\"m3ncsyod40qcuw2zf\"\/><br \/>\nWilliams, S. J., Seale, C., Boden, S., Lowe, P., &#038; Steinberg, D. L. (2008). Medicalization and beyond: The social construction of insomnia and snoring in the news. Health, 12(2), 251-268. doi:10.1177\/1363459307086846<br class=\"m3ncsyod40qcuw2zf\"\/><br \/>\n<br class=\"m3ncsyod40qcuw2zf\"\/><br \/>\nWittenborn, A. K., Culpepper, B., &#038; Liu, T. (2012). Treating depression in men: The role of emotionally focused couple therapy. Contemporary Family Therapy, 34(1), 89-103. doi:10.1007\/s10591-012-9176-8\n                <\/div>\n<\/p><\/div>\n<\/p><\/div>\n<div class=\"RightArticle\">\n<div class=\"RightBlokExp\" onclick=\"location.href='guideforauthors.aspx'\">\n                <img decoding=\"async\" src=\"[get_bloginfo]url[\/get_bloginfo]\/files\/ing\/images\/template\/guide.png\" alt=\"\"\/><b>GUIDE FOR AUTHORS<\/b>\n            <\/div>\n<div class=\"RightBlokExp\" onclick=\"location.href='editorialboard.aspx'\">\n                <img decoding=\"async\" src=\"[get_bloginfo]url[\/get_bloginfo]\/files\/ing\/images\/template\/team.png\" alt=\"\"\/><b>EDITORIAL BOARD<\/b>\n            <\/div>\n<div class=\"RightBlokExp\" onclick=\"location.href='about.aspx'\">\n                <img decoding=\"async\" src=\"[get_bloginfo]url[\/get_bloginfo]\/files\/ing\/images\/template\/about.png\" alt=\"\"\/><b>ABOUT JOURNAL<\/b>\n            <\/div>\n<div class=\"RightBlokExp\" onclick=\"location.href='indexing.aspx'\">\n                <img decoding=\"async\" src=\"[get_bloginfo]url[\/get_bloginfo]\/files\/ing\/images\/template\/index.png\" alt=\"\"\/><b>INDEXED IN<\/b>\n            <\/div>\n<div class=\"RightBlokExp\" onclick=\"location.href='aheadofprint.aspx'\">\n                <img decoding=\"async\" src=\"[get_bloginfo]url[\/get_bloginfo]\/files\/ing\/images\/template\/sonlinefirst.png\" alt=\"\"\/><b>AHEAD OF PRINT<\/b>\n            <\/div>\n<div class=\"RightBlokExp\" onclick=\"location.href='archive.aspx'\">\n                <img decoding=\"async\" src=\"[get_bloginfo]url[\/get_bloginfo]\/files\/ing\/images\/template\/sarsiv.png\" alt=\"\"\/><b>ARCHIVES<\/b>\n            <\/div>\n<div class=\"RightBlokExp\" onclick=\"location.href='[get_bloginfo]url[\/get_bloginfo]\/ing\/default.html'\">\n                <img decoding=\"async\" src=\"[get_bloginfo]url[\/get_bloginfo]\/files\/ing\/images\/template\/new.png\" alt=\"\"\/><b>CURRENT ISSUE<\/b>\n            <\/div>\n<div class=\"RightBlokExp\" onclick=\"location.href='contact.aspx'\">\n                <img decoding=\"async\" src=\"[get_bloginfo]url[\/get_bloginfo]\/files\/ing\/images\/template\/contact.png\" alt=\"\"\/><b>CONTACT US<\/b>\n            <\/div>\n<\/p><\/div>\n<\/p><\/div>\n<p>    <!---SayfaOrtaYazilariBitiyor---><br \/>\n        <!---Fotterstart---><\/p>\n","protected":false},"excerpt":{"rendered":"<p>SUBMIT YOUR MANUSCRIPT Register Author Login Reviewer Login \u00a9 Copyright Transfer Form Sociocultural Variations of Coping Strategies for Sleep Difficulties in Couple Relationships in Canada and Brazil Ta\u00eds Ara\u00fajo, Alexandre Lemyre, Annie Valli\u00e8res, Yvan Leanza Sleep and Hypnosis: A Journal of Clinical Neuroscience and Psychopathology 2019;21(2):158-169 http:\/\/dx.doi.org\/10.5350\/Sleep.Hypn.2019.21.0184 The couple relationship (marriage\/cohabitation) is, for most adults, [&hellip;]<\/p>\n","protected":false},"author":0,"featured_media":0,"parent":0,"menu_order":0,"comment_status":"closed","ping_status":"closed","template":"template_3.php","meta":{"om_disable_all_campaigns":false,"footnotes":""},"class_list":["post-548","page","type-page","status-publish","hentry","post-wrapper","thrv_wrapper"],"aioseo_notices":[],"_links":{"self":[{"href":"https:\/\/sleepandhypnosis.org\/research\/wp-json\/wp\/v2\/pages\/548","targetHints":{"allow":["GET"]}}],"collection":[{"href":"https:\/\/sleepandhypnosis.org\/research\/wp-json\/wp\/v2\/pages"}],"about":[{"href":"https:\/\/sleepandhypnosis.org\/research\/wp-json\/wp\/v2\/types\/page"}],"replies":[{"embeddable":true,"href":"https:\/\/sleepandhypnosis.org\/research\/wp-json\/wp\/v2\/comments?post=548"}],"version-history":[{"count":0,"href":"https:\/\/sleepandhypnosis.org\/research\/wp-json\/wp\/v2\/pages\/548\/revisions"}],"wp:attachment":[{"href":"https:\/\/sleepandhypnosis.org\/research\/wp-json\/wp\/v2\/media?parent=548"}],"curies":[{"name":"wp","href":"https:\/\/api.w.org\/{rel}","templated":true}]}}